{"id":27285,"date":"2025-05-22T13:45:08","date_gmt":"2025-05-22T13:45:08","guid":{"rendered":"https:\/\/ucpinaret.com.tr\/?page_id=27285"},"modified":"2025-05-22T13:56:14","modified_gmt":"2025-05-22T13:56:14","slug":"afyon-buyuk-bas-hayvan-kesimi","status":"publish","type":"page","link":"https:\/\/ucpinaret.com.tr\/?page_id=27285","title":{"rendered":"Afyon B\u00fcy\u00fckBa\u015f Hayvan Kesimi"},"content":{"rendered":"\t\t<div data-elementor-type=\"wp-page\" data-elementor-id=\"27285\" class=\"elementor elementor-27285\">\n\t\t\t\t\t\t<section class=\"wd-negative-gap elementor-section elementor-top-section elementor-element elementor-element-6bb0f7f5 elementor-section-content-middle elementor-section-boxed elementor-section-height-default elementor-section-height-default\" data-id=\"6bb0f7f5\" data-element_type=\"section\">\n\t\t\t\t\t\t<div class=\"elementor-container elementor-column-gap-wide\">\n\t\t\t\t\t<div class=\"elementor-column elementor-col-50 elementor-top-column elementor-element elementor-element-60da4e01\" data-id=\"60da4e01\" data-element_type=\"column\">\n\t\t\t<div class=\"elementor-widget-wrap elementor-element-populated\">\n\t\t\t\t\t\t<div class=\"elementor-element elementor-element-461ed83 elementor-widget elementor-widget-image\" data-id=\"461ed83\" data-element_type=\"widget\" data-widget_type=\"image.default\">\n\t\t\t\t<div class=\"elementor-widget-container\">\n\t\t\t\t\t\t\t\t\t\t\t\t\t\t\t<img decoding=\"async\" src=\"https:\/\/ucpinaret.com.tr\/wp-content\/uploads\/elementor\/thumbs\/Adsiz-tasarim-2025-05-22T164812.179-r66qkit2vasp87o8rrd8wmzuwd6h6l5prdesfr3tpk.png\" title=\"Ads\u0131z tasar\u0131m &#8211; 2025-05-22T164812.179\" alt=\"Ads\u0131z tasar\u0131m - 2025-05-22T164812.179\" loading=\"lazy\" \/>\t\t\t\t\t\t\t\t\t\t\t\t\t\t\t<\/div>\n\t\t\t\t<\/div>\n\t\t\t\t\t<\/div>\n\t\t<\/div>\n\t\t\t\t<div class=\"elementor-column elementor-col-50 elementor-top-column elementor-element elementor-element-537f89f8\" data-id=\"537f89f8\" data-element_type=\"column\">\n\t\t\t<div class=\"elementor-widget-wrap elementor-element-populated\">\n\t\t\t\t\t\t<div class=\"elementor-element elementor-element-7e2acdca wd-width-100 elementor-widget elementor-widget-wd_title\" data-id=\"7e2acdca\" data-element_type=\"widget\" data-widget_type=\"wd_title.default\">\n\t\t\t\t<div class=\"elementor-widget-container\">\n\t\t\t\t\t\t\t\t<link rel=\"stylesheet\" id=\"wd-section-title-css\" href=\"https:\/\/ucpinaret.com.tr\/wp-content\/themes\/woodmart\/css\/parts\/el-section-title.min.css?ver=7.6.0\" type=\"text\/css\" media=\"all\" \/> \t\t\t\t\t<div class=\"title-wrapper set-mb-s reset-last-child wd-title-color-default wd-title-style-default wd-title-size-default text-left\">\n\n\t\t\t\n\t\t\t<div class=\"liner-continer\">\n\t\t\t\t<h4 class=\"woodmart-title-container title wd-fontsize-l\">B\u00fcy\u00fckBa\u015f Hayvan Kesimi<\/h4> \n\t\t\t\t\t\t\t<\/div>\n\n\t\t\t\t\t\t\t<div class=\"title-after_title set-cont-mb-s reset-last-child wd-fontsize-xs\">\n\t\t\t\t\t<p>Badem Et Entegre Tesislerinde B\u00fcy\u00fckba\u015f Hayvan Kesimi, Hijyenik ko\u015fullarda \u0130slami Us\u00fcllere g\u00f6re modern mezbahane ekipmanlar\u0131 ile yap\u0131lmaktad\u0131r. \u0130zmir- Kemalpa\u015fa il\u00e7esinden t\u00fcm d\u00fcnyaya hizmet veren mezbahanemiz , 7\/24 t\u00fcm vatanda\u015flar\u0131m\u0131z\u0131n ziyaretlerine a\u00e7\u0131kt\u0131r. Mezbahanemizdeki g\u00fcnl\u00fck b\u00fcy\u00fckba\u015f kesim kapasitesi 200 adettir. Y\u0131ll\u0131k 62.000 b\u00fcy\u00fckba\u015f hayvan kesim kapasitemiz bulunmaktad\u0131r.<\/p>\t\t\t\t<\/div>\n\t\t\t\t\t<\/div>\n\t\t\t\t\t\t<\/div>\n\t\t\t\t<\/div>\n\t\t\t\t\t<\/div>\n\t\t<\/div>\n\t\t\t\t\t<\/div>\n\t\t<\/section>\n\t\t\t\t<\/div>\n\t\t","protected":false},"excerpt":{"rendered":"<p>B\u00fcy\u00fckBa\u015f Hayvan Kesimi Badem Et Entegre Tesislerinde B\u00fcy\u00fckba\u015f Hayvan Kesimi, Hijyenik ko\u015fullarda \u0130slami Us\u00fcllere g\u00f6re modern mezbahane ekipmanlar\u0131 ile yap\u0131lmaktad\u0131r.<\/p>\n","protected":false},"author":1,"featured_media":0,"parent":0,"menu_order":0,"comment_status":"closed","ping_status":"closed","template":"","meta":{"footnotes":""},"class_list":["post-27285","page","type-page","status-publish","hentry"],"_links":{"self":[{"href":"https:\/\/ucpinaret.com.tr\/index.php?rest_route=\/wp\/v2\/pages\/27285","targetHints":{"allow":["GET"]}}],"collection":[{"href":"https:\/\/ucpinaret.com.tr\/index.php?rest_route=\/wp\/v2\/pages"}],"about":[{"href":"https:\/\/ucpinaret.com.tr\/index.php?rest_route=\/wp\/v2\/types\/page"}],"author":[{"embeddable":true,"href":"https:\/\/ucpinaret.com.tr\/index.php?rest_route=\/wp\/v2\/users\/1"}],"replies":[{"embeddable":true,"href":"https:\/\/ucpinaret.com.tr\/index.php?rest_route=%2Fwp%2Fv2%2Fcomments&post=27285"}],"version-history":[{"count":5,"href":"https:\/\/ucpinaret.com.tr\/index.php?rest_route=\/wp\/v2\/pages\/27285\/revisions"}],"predecessor-version":[{"id":27292,"href":"https:\/\/ucpinaret.com.tr\/index.php?rest_route=\/wp\/v2\/pages\/27285\/revisions\/27292"}],"wp:attachment":[{"href":"https:\/\/ucpinaret.com.tr\/index.php?rest_route=%2Fwp%2Fv2%2Fmedia&parent=27285"}],"curies":[{"name":"wp","href":"https:\/\/api.w.org\/{rel}","templated":true}]}}