{"id":27293,"date":"2025-05-22T13:58:00","date_gmt":"2025-05-22T13:58:00","guid":{"rendered":"https:\/\/ucpinaret.com.tr\/?page_id=27293"},"modified":"2025-05-22T14:13:37","modified_gmt":"2025-05-22T14:13:37","slug":"afyon-sakatat","status":"publish","type":"page","link":"https:\/\/ucpinaret.com.tr\/?page_id=27293","title":{"rendered":"Afyon Sakatat"},"content":{"rendered":"\t\t<div data-elementor-type=\"wp-page\" data-elementor-id=\"27293\" class=\"elementor elementor-27293\">\n\t\t\t\t\t\t<section class=\"wd-negative-gap elementor-section elementor-top-section elementor-element elementor-element-19c0c225 elementor-section-content-middle elementor-section-boxed elementor-section-height-default elementor-section-height-default\" data-id=\"19c0c225\" data-element_type=\"section\">\n\t\t\t\t\t\t<div class=\"elementor-container elementor-column-gap-wide\">\n\t\t\t\t\t<div class=\"elementor-column elementor-col-50 elementor-top-column elementor-element elementor-element-5142b25c\" data-id=\"5142b25c\" data-element_type=\"column\">\n\t\t\t<div class=\"elementor-widget-wrap elementor-element-populated\">\n\t\t\t\t\t\t<div class=\"elementor-element elementor-element-788f4eb5 elementor-widget elementor-widget-image\" data-id=\"788f4eb5\" data-element_type=\"widget\" data-widget_type=\"image.default\">\n\t\t\t\t<div class=\"elementor-widget-container\">\n\t\t\t\t\t\t\t\t\t\t\t\t\t\t\t<img decoding=\"async\" src=\"https:\/\/ucpinaret.com.tr\/wp-content\/uploads\/elementor\/thumbs\/Adsiz-tasarim-2025-05-22T170907.612-r66rg2a475z2t5uwle6kkogohtpvgydgrhhc60c8x4.png\" title=\"Ads\u0131z tasar\u0131m &#8211; 2025-05-22T170907.612\" alt=\"Ads\u0131z tasar\u0131m - 2025-05-22T170907.612\" loading=\"lazy\" \/>\t\t\t\t\t\t\t\t\t\t\t\t\t\t\t<\/div>\n\t\t\t\t<\/div>\n\t\t\t\t\t<\/div>\n\t\t<\/div>\n\t\t\t\t<div class=\"elementor-column elementor-col-50 elementor-top-column elementor-element elementor-element-3fd7f6b6\" data-id=\"3fd7f6b6\" data-element_type=\"column\">\n\t\t\t<div class=\"elementor-widget-wrap elementor-element-populated\">\n\t\t\t\t\t\t<div class=\"elementor-element elementor-element-7fea8ec2 wd-width-100 elementor-widget elementor-widget-wd_title\" data-id=\"7fea8ec2\" data-element_type=\"widget\" data-widget_type=\"wd_title.default\">\n\t\t\t\t<div class=\"elementor-widget-container\">\n\t\t\t\t\t\t\t\t<link rel=\"stylesheet\" id=\"wd-section-title-css\" href=\"https:\/\/ucpinaret.com.tr\/wp-content\/themes\/woodmart\/css\/parts\/el-section-title.min.css?ver=7.6.0\" type=\"text\/css\" media=\"all\" \/> \t\t\t\t\t<div class=\"title-wrapper set-mb-s reset-last-child wd-title-color-default wd-title-style-default wd-title-size-default text-left\">\n\n\t\t\t\n\t\t\t<div class=\"liner-continer\">\n\t\t\t\t<h4 class=\"woodmart-title-container title wd-fontsize-l\">Sakatat<\/h4> \n\t\t\t\t\t\t\t<\/div>\n\n\t\t\t\t\t\t\t<div class=\"title-after_title set-cont-mb-s reset-last-child wd-fontsize-xs\">\n\t\t\t\t\t<p>Sakatat \u00fcr\u00fcnleri, sadece lezzet a\u00e7\u0131s\u0131ndan de\u011fil, sa\u011fl\u0131k a\u00e7\u0131s\u0131ndan da bir\u00e7ok fayda sunar. Dana Ba\u015f Et firmam\u0131z\u0131n sakatat \u00fcr\u00fcnleri, vitamin, mineral ve protein a\u00e7\u0131s\u0131ndan olduk\u00e7a zengin olup, d\u00fczenli t\u00fcketildi\u011finde v\u00fccuda bir\u00e7ok fayda sa\u011flar. Afyon\u2019un do\u011fal ortam\u0131nda yeti\u015fen hayvanlardan elde edilen sakatat \u00fcr\u00fcnleri, hijyenik ko\u015fullarda i\u015flenir ve katk\u0131 maddesi i\u00e7ermeden sofralar\u0131n\u0131za ula\u015f\u0131r.<\/p><p>Ba\u015fta ci\u011fer, b\u00f6brek, dalak ve i\u015fkembe gibi \u00fcr\u00fcnler olmak \u00fczere, Dana Ba\u015f Et firmam\u0131z\u0131n sakatat \u00fcr\u00fcnleri se\u00e7enekleri hem geleneksel yemek tariflerine hayat verir hem de sa\u011fl\u0131kl\u0131 beslenme i\u00e7in ideal bir tercihtir. \u00d6zellikle ci\u011fer, demir bak\u0131m\u0131ndan zengin olup enerji verici \u00f6zelliklere sahiptir. Dana Ba\u015f Et firmam\u0131z\u0131n sakatat \u00fcr\u00fcnleri, sadece lezzetiyle de\u011fil, sa\u011fl\u0131k a\u00e7\u0131s\u0131ndan da bir\u00e7ok fayda sunmas\u0131yla \u00f6ne \u00e7\u0131kar.<\/p>\t\t\t\t<\/div>\n\t\t\t\t\t<\/div>\n\t\t\t\t\t\t<\/div>\n\t\t\t\t<\/div>\n\t\t\t\t\t<\/div>\n\t\t<\/div>\n\t\t\t\t\t<\/div>\n\t\t<\/section>\n\t\t\t\t<\/div>\n\t\t","protected":false},"excerpt":{"rendered":"<p>Sakatat Sakatat \u00fcr\u00fcnleri, sadece lezzet a\u00e7\u0131s\u0131ndan de\u011fil, sa\u011fl\u0131k a\u00e7\u0131s\u0131ndan da bir\u00e7ok fayda sunar. Dana Ba\u015f Et firmam\u0131z\u0131n sakatat \u00fcr\u00fcnleri, vitamin,<\/p>\n","protected":false},"author":1,"featured_media":0,"parent":0,"menu_order":0,"comment_status":"closed","ping_status":"closed","template":"","meta":{"footnotes":""},"class_list":["post-27293","page","type-page","status-publish","hentry"],"_links":{"self":[{"href":"https:\/\/ucpinaret.com.tr\/index.php?rest_route=\/wp\/v2\/pages\/27293","targetHints":{"allow":["GET"]}}],"collection":[{"href":"https:\/\/ucpinaret.com.tr\/index.php?rest_route=\/wp\/v2\/pages"}],"about":[{"href":"https:\/\/ucpinaret.com.tr\/index.php?rest_route=\/wp\/v2\/types\/page"}],"author":[{"embeddable":true,"href":"https:\/\/ucpinaret.com.tr\/index.php?rest_route=\/wp\/v2\/users\/1"}],"replies":[{"embeddable":true,"href":"https:\/\/ucpinaret.com.tr\/index.php?rest_route=%2Fwp%2Fv2%2Fcomments&post=27293"}],"version-history":[{"count":4,"href":"https:\/\/ucpinaret.com.tr\/index.php?rest_route=\/wp\/v2\/pages\/27293\/revisions"}],"predecessor-version":[{"id":27299,"href":"https:\/\/ucpinaret.com.tr\/index.php?rest_route=\/wp\/v2\/pages\/27293\/revisions\/27299"}],"wp:attachment":[{"href":"https:\/\/ucpinaret.com.tr\/index.php?rest_route=%2Fwp%2Fv2%2Fmedia&parent=27293"}],"curies":[{"name":"wp","href":"https:\/\/api.w.org\/{rel}","templated":true}]}}