{"id":4400,"date":"2021-10-12T15:51:09","date_gmt":"2021-10-12T15:51:09","guid":{"rendered":"http:\/\/dummy.xtemos.com\/woodmart2\/elementor\/?page_id=4400"},"modified":"2025-05-22T13:19:16","modified_gmt":"2025-05-22T13:19:16","slug":"about-us-3","status":"publish","type":"page","link":"https:\/\/ucpinaret.com.tr\/?page_id=4400","title":{"rendered":"Hakk\u0131m\u0131zda"},"content":{"rendered":"\t\t<div data-elementor-type=\"wp-page\" data-elementor-id=\"4400\" class=\"elementor elementor-4400\">\n\t\t\t\t<div class=\"wd-negative-gap elementor-element elementor-element-7c7c544 e-flex e-con-boxed e-con e-parent\" data-id=\"7c7c544\" data-element_type=\"container\">\n\t\t\t\t\t<div class=\"e-con-inner\">\n\t\t<div class=\"elementor-element elementor-element-e7cb5cd e-con-full e-flex e-con e-child\" data-id=\"e7cb5cd\" data-element_type=\"container\">\n\t\t\t\t<div class=\"elementor-element elementor-element-56aec39 elementor-widget elementor-widget-wd_image_or_svg\" data-id=\"56aec39\" data-element_type=\"widget\" data-widget_type=\"wd_image_or_svg.default\">\n\t\t\t\t<div class=\"elementor-widget-container\">\n\t\t\t\t\t\n\t\t<div class=\"wd-image text-left\">\n\t\t\t\t\t\t\t\t<img fetchpriority=\"high\" decoding=\"async\" width=\"580\" height=\"580\" src=\"https:\/\/ucpinaret.com.tr\/wp-content\/uploads\/2025\/05\/Adsiz-tasarim-2025-05-22T155646.908.png\" class=\"attachment-full size-full\" alt=\"\" srcset=\"https:\/\/ucpinaret.com.tr\/wp-content\/uploads\/2025\/05\/Adsiz-tasarim-2025-05-22T155646.908.png 580w, https:\/\/ucpinaret.com.tr\/wp-content\/uploads\/2025\/05\/Adsiz-tasarim-2025-05-22T155646.908-300x300.png 300w, https:\/\/ucpinaret.com.tr\/wp-content\/uploads\/2025\/05\/Adsiz-tasarim-2025-05-22T155646.908-150x150.png 150w, https:\/\/ucpinaret.com.tr\/wp-content\/uploads\/2025\/05\/Adsiz-tasarim-2025-05-22T155646.908-430x430.png 430w\" sizes=\"(max-width: 580px) 100vw, 580px\" \/>\t\t\t\t\t<\/div>\n\n\t\t\t\t\t\t<\/div>\n\t\t\t\t<\/div>\n\t\t\t\t<\/div>\n\t\t<div class=\"elementor-element elementor-element-97d6084 e-con-full e-flex e-con e-child\" data-id=\"97d6084\" data-element_type=\"container\">\n\t\t\t\t<div class=\"elementor-element elementor-element-98d830b elementor-widget__width-initial wd-width-100 elementor-widget elementor-widget-wd_title\" data-id=\"98d830b\" data-element_type=\"widget\" data-widget_type=\"wd_title.default\">\n\t\t\t\t<div class=\"elementor-widget-container\">\n\t\t\t\t\t\t\t\t<link rel=\"stylesheet\" id=\"wd-section-title-css\" href=\"https:\/\/ucpinaret.com.tr\/wp-content\/themes\/woodmart\/css\/parts\/el-section-title.min.css?ver=7.6.0\" type=\"text\/css\" media=\"all\" \/> \t\t\t\t\t<div class=\"title-wrapper set-mb-s reset-last-child wd-title-color-primary wd-title-style-default wd-title-size-large text-left\">\n\n\t\t\t\n\t\t\t<div class=\"liner-continer\">\n\t\t\t\t<h4 class=\"woodmart-title-container title wd-fontsize-xxl\">Hakk\u0131m\u0131zda<\/h4> \n\t\t\t\t\t\t\t<\/div>\n\n\t\t\t\t\t<\/div>\n\t\t\t\t\t\t<\/div>\n\t\t\t\t<\/div>\n\t\t\t\t<div class=\"elementor-element elementor-element-66e47ad elementor-widget elementor-widget-wd_text_block\" data-id=\"66e47ad\" data-element_type=\"widget\" data-widget_type=\"wd_text_block.default\">\n\t\t\t\t<div class=\"elementor-widget-container\">\n\t\t\t\t\t\t\t\t<link rel=\"stylesheet\" id=\"wd-text-block-css\" href=\"https:\/\/ucpinaret.com.tr\/wp-content\/themes\/woodmart\/css\/parts\/el-text-block.min.css?ver=7.6.0\" type=\"text\/css\" media=\"all\" \/> \t\t\t\t\t<div class=\"wd-text-block reset-last-child text-left\">\n\t\t\t\n\t\t\t<p>Kurulu\u015fundan itibaren insan sa\u011fl\u0131\u011f\u0131n\u0131 \u00f6ncelikli hedef olarak benimseyen i\u015fletmemiz, \u00e7a\u011f\u0131n teknolojik imkanlar\u0131n\u0131 kullanarak hijyenik ko\u015fullarda hizmet sunmaktad\u0131r.\u00d6zellikle kurban kesim d\u00f6nemlerinde kesim, hisseleme, ayr\u0131\u015ft\u0131rma ve paketleme i\u015flemlerini modern tesislerimizde, hijyen ve kalite standartlar\u0131na uygun \u015fekilde ger\u00e7ekle\u015ftirmekteyiz. Geli\u015fen teknoloji ve m\u00fc\u015fteri beklentileri do\u011frultusunda s\u00fcrekli yenilenen altyap\u0131m\u0131z ile \u00dc\u00e7 P\u0131nar Besi \u00c7iftli\u011fi, sekt\u00f6rde g\u00fcvenin ve kalitenin simgesi olmu\u015ftur.<\/p>\n\t\t\t\t\t<\/div>\n\t\t\t\t\t\t<\/div>\n\t\t\t\t<\/div>\n\t\t\t\t<\/div>\n\t\t\t\t\t<\/div>\n\t\t\t\t<\/div>\n\t\t\t\t<\/div>\n\t\t","protected":false},"excerpt":{"rendered":"<p>Hakk\u0131m\u0131zda Kurulu\u015fundan itibaren insan sa\u011fl\u0131\u011f\u0131n\u0131 \u00f6ncelikli hedef olarak benimseyen i\u015fletmemiz, \u00e7a\u011f\u0131n teknolojik imkanlar\u0131n\u0131 kullanarak hijyenik ko\u015fullarda hizmet sunmaktad\u0131r.\u00d6zellikle kurban kesim<\/p>\n","protected":false},"author":1,"featured_media":0,"parent":0,"menu_order":0,"comment_status":"closed","ping_status":"closed","template":"","meta":{"footnotes":""},"class_list":["post-4400","page","type-page","status-publish","hentry"],"_links":{"self":[{"href":"https:\/\/ucpinaret.com.tr\/index.php?rest_route=\/wp\/v2\/pages\/4400","targetHints":{"allow":["GET"]}}],"collection":[{"href":"https:\/\/ucpinaret.com.tr\/index.php?rest_route=\/wp\/v2\/pages"}],"about":[{"href":"https:\/\/ucpinaret.com.tr\/index.php?rest_route=\/wp\/v2\/types\/page"}],"author":[{"embeddable":true,"href":"https:\/\/ucpinaret.com.tr\/index.php?rest_route=\/wp\/v2\/users\/1"}],"replies":[{"embeddable":true,"href":"https:\/\/ucpinaret.com.tr\/index.php?rest_route=%2Fwp%2Fv2%2Fcomments&post=4400"}],"version-history":[{"count":4,"href":"https:\/\/ucpinaret.com.tr\/index.php?rest_route=\/wp\/v2\/pages\/4400\/revisions"}],"predecessor-version":[{"id":27266,"href":"https:\/\/ucpinaret.com.tr\/index.php?rest_route=\/wp\/v2\/pages\/4400\/revisions\/27266"}],"wp:attachment":[{"href":"https:\/\/ucpinaret.com.tr\/index.php?rest_route=%2Fwp%2Fv2%2Fmedia&parent=4400"}],"curies":[{"name":"wp","href":"https:\/\/api.w.org\/{rel}","templated":true}]}}